tors of v?
13, 101
Suppose q = 6 - 8, 4*u + 4*q - 3160 = 0. Let m = u + 102. What are the prime factors of m?
2, 3, 149
Let u(f) = -f**3 - 19*f**2 - 40*f + 32. Suppose -2*p - 3*c = -221, -3*p + 203 = 3*c - 130. Suppose -68 = p*l - 108*l. What are the prime factors of u(l)?
2, 67
Suppose -23*o + 979746 = 37735. What are the prime factors of o?
7, 5851
Let f be 381 + 4/(-38) + 118/38. Suppose 4*q + 100 = a + 883, 2*q + 2*a - f = 0. List the prime factors of q.
3, 5, 13
Let q(p) = p**3 + 31*p**2 - 66*p - 163. What are the prime factors of q(-20)?
5557
Let j(t) = 139*t**2 + 5*t - 5. Let q = -70 + 67. Let d(c) = 138*c**2 + 4*c - 4. Let m(x) = q*j(x) + 4*d(x). List the prime factors of m(1).
3, 5
What are the prime factors of (5/8)/5 + 7646/16?
2, 239
Let o(y) = 4*y + 19. Let t be o(-3). Suppose -r + t + 10 = 0. What are the prime factors of 1 - (0 - 82)*r/34?
2, 3, 7
Let b(c) be the second derivative of -5*c**3/2 + c**2/2 + 6*c. Let u be 4/(-2) + (-5)/(10/4). List the prime factors of b(u).
61
Let o(f) = -f**2 - 14*f + 22. Let z be o(-14). Suppose 0 = -2*t - 14 + z. What are the prime factors of 3 - (2 + t) - 0 - -158?
5, 31
Suppose 3*c = -2*r + 331, 0 = 14*r - 10*r + 3*c - 659. List the prime factors of r.
2, 41
Suppose z = 5*o - 551, 12*o - 4*z - 334 = 9*o. Let l(f) = 18*f - 1. Let x be l(1). Let n = o + x. What are the prime factors of n?
127
Let c(z) = 181*z - 469. List the prime factors of c(57).
2, 1231
Let w(p) = 3*p + 77. Let c be w(-31). List the prime factors of (-11638)/c - 36/96.
727
Let j = -445 + 191. Let r = j + 269. List the prime factors of r.
3, 5
Suppose -17*k = -19*k - 12. List the prime factors of 498 + (11 - 4) + k.
499
Let l(k) = -6*k**3 - 5*k**2 + 266*k - 50. List the prime factors of l(-17).
29, 809
Suppose 3*c + 13 = -2. Let q(f) = 26 - 32*f - 16 - 49*f + 69*f. List the prime factors of q(c).
2, 5, 7
Suppose 0 = -4*z + o + 28883, -18*z = -14*z - 2*o - 28882. List the prime factors of z.
3, 29, 83
Suppose -52906 = -67*m + 31*m + 29*m. What are the prime factors of m?
2, 3779
Let n be ((-6)/(-10))/(22/110). Suppose -n*g - 3*g = -504. List the prime factors of g.
2, 3, 7
Suppose 6*b - 8 = 5*b. Let x be 524/b + 2/4. What are the prime factors of 4/(135/x - 2)?
2, 11
Let m(k) = 772*k**2 + 77*k + 229. List the prime factors of m(-3).
2, 23, 151
Suppose -183 = -2*p - 5*m, 3*m = 2*p - 3*p + 93. Let n = p + 12. What are the prime factors of n?
2, 3
Let s(v) = 8*v - 17. Let b(i) = 9*i - 18. Let g(q) = 5*b(q) - 4*s(q). Let x be g(3). Let y = 108 - x. List the prime factors of y.
7, 13
Suppose 0 = 17*m - 18 - 16. Suppose -3*b + 4533 = 3*t, -m*b = -0*b - t - 3016. What are the prime factors of b?
3, 503
Let m(f) = -954*f + 305. List the prime factors of m(-28).
27017
Suppose -3*n + 181 = 2*v - 0*n, 4*v = 5*n + 395. Suppose 5*q = 2560 - v. List the prime factors of q.
17, 29
Suppose 5*w - 4*f = 159 - 57, 78 = 5*w + 4*f. Suppose -72*c - w = -75*c. What are the prime factors of (-416)/(-3) + 2/c?
139
Suppose 2*l + 1 = -2*h - 13, 4*l - h + 3 = 0. Let n(d) be the second derivative of 5*d**4/3 + d**3/2 + d**2 - d. List the prime factors of n(l).
2, 19
Suppose -y + 4 = 2*r + y, 0 = 2*r + 4*y - 4. Suppose k + 0*a - 17 = -5*a, 7 = r*k + a. Suppose 63 = k*v + 7*t - 2*t, 4*t = -20. List the prime factors of v.
2, 11
Suppose 2*u = -2*m + 16, 0*m + 2*m + 4 = 2*u. Suppose m*o - b = b + 999, -4*o + 1309 = 5*b. List the prime factors of o.
331
Suppose 0 = -2*i + 3*i. Let u = 1612 - 1613. List the prime factors of -1 - (i/u - 106).
3, 5, 7
Suppose 0 = 6*p - 5*p + 4. Let y(b) = -12*b + 14 + 4 + 18 - 8. List the prime factors of y(p).
2, 19
Suppose -264 = 3*w - 7*w. Let l be (w/(-8))/(13/(-52)). Let p = 62 - l. List the prime factors of p.
29
Let x = 43 - 24. Suppose -299 = 5*c - 194. Let q = x - c. List the prime factors of q.
2, 5
List the prime factors of (-10 - -19) + (4196 - 17).
2, 3, 349
Suppose 4*c + 11*c - 5895 = 0. List the prime factors of ((-8)/(-8))/(3/c).
131
Let a = 303 + 387. Suppose 0 = -a*w + 683*w + 3976. What are the prime factors of w?
2, 71
Let y(a) = -a**3 - 34*a**2 - 120*a + 17. Let l be y(-30). Suppose -8*b + l*b - 16614 = 0. What are the prime factors of b?
2, 13, 71
Suppose -69262 = m - 87561. What are the prime factors of m?
29, 631
Let x be 3278/(-4) - (0 + (-10)/20). Let b = x + 2108. What are the prime factors of b?
1289
Suppose 104*f = -10*f + 592344. List the prime factors of f.
2, 3, 433
Suppose 626*w = 616*w + 23350. List the prime factors of w.
5, 467
Suppose 3*c - 38 = -2. Let q be 4 - (-3)/((-9)/c). Suppose q = -22*i + 17*i + 45. What are the prime factors of i?
3
Let v = -440 - -444. Suppose v*m + 892 = 4*y, -5*y - 20*m + 22*m = -1109. What are the prime factors of y?
13, 17
Let s be ((-8)/12 - 0)/((-1)/(-819)). Let d = s + 707. What are the prime factors of d?
7, 23
Let a be -1 + (-2)/2 - (-67 - -1). Let w = -64 + a. Suppose w = 12*b - 984 - 0. What are the prime factors of b?
2, 41
Let q(m) = -698*m + 4723. What are the prime factors of q(-50)?
39623
List the prime factors of (-5 - 1 - -3081 - 7)*1.
2, 13, 59
Let p = -4030 + 4449. List the prime factors of p.
419
Let z(j) = -294*j - 1629. List the prime factors of z(-32).
3, 2593
Suppose u = -2*o + 3798, -4*o = -3*u + 4239 + 7155. List the prime factors of u.
2, 3, 211
Let q(r) = 2*r**2 - 20*r + 1. Let a be q(7). Let i = 102 + a. List the prime factors of i.
61
Let q(u) = -14104*u**3 + 1. What are the prime factors of q(-1)?
5, 7, 13, 31
Let h(f) be the first derivative of f**4/4 - 11*f**3/3 - 3*f**2/2 - 25*f + 2. Let r(v) = -3*v + 33. Let j be r(7). What are the prime factors of h(j)?
83
Suppose -2*i - x + 1175 - 8 = 0, 4*x = -2*i + 1182. List the prime factors of i.
7, 83
Let j be 0/(4/(8/2)). Suppose j = 4*k, -3*x - 5*k - 4 = -4*x. Suppose -2*u + x*i = -142, 16 + 134 = 2*u + 4*i. List the prime factors of u.
73
Suppose -1442665 - 241853 = -22*c. What are the prime factors of c?
3, 25523
Suppose 4*s = -4*d + 12, s - 5*d + 15 = -0*d. Suppose -3*g + 2071 = 4*y, -4*y = 8 - s. What are the prime factors of g?
3, 7, 11
Suppose 2*i = -5*g + 154, g - 2*i = -2*g + 86. Let u be -3*(-5)/(g/4). List the prime factors of 972/20 - (u - (-12)/(-5)).
7
Let c(n) = -n**3 + 9*n**2 - 3*n + 4. Let h(d) = -d - 2. Let p be h(-7). Let x be c(p). Suppose -2*t + x = -35. What are the prime factors of t?
2, 31
List the prime factors of ((-1232)/(-55) + -23)*-79530.
2, 3, 11, 241
What are the prime factors of 2453 + (-21)/1*(-79)/(-237)?
2, 1223
Suppose 4*r - 8202 = 3*g + 5560, -3*g - 6 = 0. What are the prime factors of r?
19, 181
Suppose -3*n + 4*b + 18 + 11 = 0, -1 = -2*n - b. Suppose -4*y + 136 = -n*y. Suppose -5*h + 2*c = -y, -h - 26 = -2*h + c. List the prime factors of h.
2, 7
Let x(w) = -2*w + 8. Let z(y) = -2*y + 7. Let j(u) = 5*x(u) - 4*z(u). Let m be j(4). What are the prime factors of 31*(7 - -1 - m)?
2, 31
Let s(u) = 5*u + 2. Let f be 0*(-3 + 14/4). Suppose 3*a - 2*a - 4*d + 3 = f, -a + 5*d = 6. List the prime factors of s(a).
47
Suppose 10291 = -14*l - 937. Let w = l + 1004. List the prime factors of w.
2, 101
Suppose -71296 = -14*m + 48502. List the prime factors of m.
43, 199
Let s(o) = 40 + 31*o + o**2 - 19*o - 23*o. What are the prime factors of s(-13)?
2, 11
Suppose -2*j + 218 = -4*v, 3*v = 4 - 1. Let s(d) = 8 - 95*d**2 + 2 - 5*d + j*d**2. What are the prime factors of s(3)?
139
Suppose 10*j + 79 = 1839. What are the prime factors of j?
2, 11
Let u(h) = h**2 + 51*h + 24890. List the prime factors of u(0).
2, 5, 19, 131
Let z(t) = 27*t - 14. Suppose -5*o - 558 = 4*o. Let x = o - -68. List the prime factors of z(x).
2, 37
Suppose 39 - 7 = b. Let y = -15 + b. Suppose c - 4*r - y = 0, 2*c = 2*r + 3*r + 28. What are the prime factors of c?
3
Let u = 56 + -63. Let w be (3/7)/(u*(-4)/196). Suppose 5*z - 999 = -p, 399 = -z + w*z + p. List the prime factors of z.
2, 5
Let z(d) = d**3 + 13*d**2 + 16*d - 10. Let n be (-58)/(-10) + -6 - 54/5. What are the prime factors of z(n)?
2, 7
Suppose -61*i = 191*i - 22902353 + 5655473. List the prime factors of i.
2, 5, 29, 59
Suppose 0 = -5*l + l + 37*l. Let d(p) = -p + 1306. List the prime factors of d(l).
2, 653
Suppose 106309 + 8099 = 14*z. List the prime factors of z.
2, 3, 227
Let y = 13679 + -9172. What are the prime factors of y